Let k(g) = -12*g - 354. Calculate k(-82).
630
Let h(l) = 16*l**3 - 118*l**2 + 254*l - 1491. What is h(7)?
-7
Let w(k) = 5999*k + 60898. Calculate w(-10).
908
Let a(c) = -8*c**2 + 4963*c - 301949. Calculate a(552).
-5
Let s(d) = 8*d**2 + 2149*d - 3107. Calculate s(-270).
-137
Let n(m) = -m**2 + 144*m - 1437. Calculate n(148).
-2029
Let c(j) = 38*j**2 + 40*j - 39. Give c(-6).
1089
Let l(t) = -2741*t + 45238. Give l(16).
1382
Let d(l) = -l**3 + 108*l**2 + 85*l + 2628. Give d(109).
12
Let q(u) = 124824*u + 748945. Calculate q(-6).
1
Let k(a) = -a**3 + 11*a**2 + 11*a + 271. Calculate k(19).
-2408
Let l(x) = -x**3 - 150*x**2 + 2699*x + 14020. Give l(20).
0
Let d(g) = -g**2 + 944*g - 5649. What is d(6)?
-21
Let a(u) = -u**3 + 69*u**2 + 228*u - 421. What is a(72)?
443
Let h(a) = -13*a**2 - 200*a - 903. Determine h(-8).
-135
Let l(d) = d**2 + 4041*d + 68413. Calculate l(-17).
5
Let w(t) = -974*t - 12829. Give w(-13).
-167
Let g(c) = 2*c**2 - 56*c - 152. What is g(36)?
424
Let p(w) = -37*w**2 + 534*w + 19. Determine p(15).
-296
Let r(h) = h**3 + 51*h**2 - 1488*h + 1773. Calculate r(-72).
45
Let d(j) = -1968*j + 108254. What is d(55)?
14
Let o(r) = 2*r**3 - 119*r**2 - 186*r + 256. Give o(61).
73
Let j(y) = 494*y - 51103. Calculate j(104).
273
Let a(j) = 17*j**3 - 10*j**2 + 9*j + 37. Give a(-4).
-1247
Let v(r) = 47*r**2 + 50*r + 115. Calculate v(-3).
388
Let l(v) = 21*v**3 + 5*v**2 + 28*v + 47. What is l(-2)?
-157
Let x(s) = -2*s**3 + 117*s**2 - 318*s - 12986. Calculate x(14).
6
Let f(y) = 2*y**3 + 16*y**2 + 20*y + 40. Give f(-7).
-2
Let r(o) = -o**2 + 154*o + 21195. What is r(-89)?
-432
Let q(p) = -3*p**2 - 61503*p + 492214. Give q(8).
-2
Let b(w) = w**3 - 42*w**2 + 404*w - 2701. Determine b(32).
-13
Let p(x) = 7*x**2 + 727*x + 4763. Determine p(-97).
107
Let c(y) = -64*y - 778. What is c(-13)?
54
Let u(h) = h**3 - 27*h**2 - 69*h - 1723. Give u(31).
-18
Let c(a) = -2*a**2 - 544*a + 3002. Give c(-278).
-334
Let n(o) = o**2 - 10645*o - 2958252. What is n(-271)?
-16
Let d(m) = -1240*m + 2426. Determine d(2).
-54
Let b(q) = q**3 + 12*q**2 + 761*q + 2193. Determine b(-3).
-9
Let i(w) = w**2 - 39*w - 1330. What is i(69)?
740
Let o(n) = -n**3 + 120*n**2 - 201*n - 4052. Determine o(118).
78
Let q(k) = -k**2 + 8137*k - 40667. What is q(5)?
-7
Let z(g) = -g**3 + 132*g**2 - 642*g + 931. Determine z(127).
42
Let u(i) = i**3 + 64*i**2 - 145*i + 3656. Determine u(-67).
-96
Let z(y) = y**2 + 286*y + 20239. Calculate z(-123).
190
Let y(f) = -29412*f + 205684. Give y(7).
-200
Let i(y) = 817*y - 8063. Calculate i(10).
107
Let h(v) = -326*v**2 + 10440*v - 242. Give h(32).
14
Let x(k) = -k**2 + 1900*k + 436141. What is x(-207)?
-8
Let b(f) = -387*f + 4706. What is b(15)?
-1099
Let r(t) = t**3 - 202*t**2 + 2497*t - 372. Give r(13).
148
Let j(v) = 4*v**3 - 4*v**2 + 1923*v - 9585. Determine j(5).
430
Let g(v) = 2826*v - 39562. What is g(14)?
2
Let r(t) = t**3 - 80*t**2 + 102*t - 1208. Determine r(79).
609
Let k(p) = p**3 - 61*p**2 - 409*p + 114. Calculate k(67).
-355
Let a(k) = 287325*k + 26433895. What is a(-92)?
-5
Let g(p) = -3*p**3 - 93*p**2 + 108*p + 426. What is g(-32)?
42
Let n(y) = -296*y - 2750. What is n(-9)?
-86
Let a(i) = 223*i**2 - 698*i - 10. What is a(3)?
-97
Let c(r) = -31*r - 4293. Calculate c(-204).
2031
Let b(h) = -h**3 - 17*h**2 + 139*h - 24. What is b(9)?
-879
Let z(l) = -8*l**3 - 66*l**2 + 88*l + 674. Give z(-10).
1194
Let z(u) = -u**3 + 68*u**2 + 60*u + 445. Give z(69).
-176
Let c(l) = 5*l**3 - 90*l**2 + 219*l + 128. What is c(3)?
110
Let k(j) = -14212*j - 99477. Determine k(-7).
7
Let n(q) = 60695*q + 13656366. What is n(-225)?
-9
Let o(c) = c**3 + 27*c**2 + 53*c + 35. Calculate o(-27).
-1396
Let n(x) = 71046*x + 213121. Give n(-3).
-17
Let o(n) = n**2 + 4649*n + 4398301. Determine o(-1322).
7
Let m(l) = 20*l**3 - 3*l**2 - 13*l + 38. What is m(3)?
512
Let f(j) = -251*j - 3593. What is f(-15)?
172
Let v(z) = z**2 - 885*z + 18987. Calculate v(22).
1
Let m(n) = -5*n**2 + 581*n - 9754. Calculate m(19).
-520
Let w(v) = 2*v**2 - 245*v + 4543. Give w(97).
-404
Let g(p) = 2199*p + 10969. What is g(-6)?
-2225
Let r(q) = 8*q**2 - 193*q - 7337. Determine r(-22).
781
Let i(d) = -65*d**3 - 17094*d**2 + 268*d + 1325. Determine i(-263).
10
Let o(u) = 2255*u + 346976. What is o(-154)?
-294
Let l(y) = -y**3 + 62*y**2 + 395*y - 20949. Give l(63).
-33
Let q(l) = 3424*l + 17438. Give q(-5).
318
Let b(o) = 33351*o - 400224. Determine b(12).
-12
Let x(w) = -8280*w + 33273. Calculate x(4).
153
Let t(s) = -s**3 - 109*s**2 + 2420*s - 1533. What is t(-128)?
3
Let i(j) = 1815*j - 61624. Determine i(34).
86
Let p(c) = 30*c**2 + 144*c - 7. Give p(-4).
-103
Let h(q) = -57*q + 1046. Calculate h(39).
-1177
Let d(a) = -1176*a + 30574. Determine d(26).
-2
Let w(r) = 88*r - 8598. Calculate w(89).
-766
Let r(j) = -632*j + 58162. Calculate r(92).
18
Let g(f) = 209557*f - 419117. What is g(2)?
-3
Let t(d) = -1127*d - 1785161. What is t(-1584)?
7
Let b(l) = -57031*l + 2908559. Calculate b(51).
-22
Let w(s) = -135601*s**2 - 406789*s + 27. Determine w(-3).
-15
Let u(r) = -99154*r + 6345858. Calculate u(64).
2
Let j(r) = -3*r**3 + 105*r**2 + 706*r + 21207. Determine j(44).
-1
Let r(f) = -891*f - 29376. Give r(-33).
27
Let m(f) = -53726*f + 752151. Determine m(14).
-13
Let x(w) = -28305*w + 198139. Determine x(7).
4
Let f(o) = 23012*o - 92022. Calculate f(4).
26
Let t(l) = -231*l**2 + 1651*l - 228. Determine t(7).
10
Let c(w) = 8*w**2 + 273*w - 6374. Calculate c(-50).
-24
Let m(r) = 2032*r - 18595. Calculate m(9).
-307
Let z(y) = 151*y + 32113. Calculate z(-212).
101
Let y(g) = g**3 - 46*g**2 + 514*g - 17. Calculate y(21).
-248
Let n(c) = -2*c**3 - 36*c**2 - 13*c + 815. Determine n(-16).
-1
Let s(m) = -m**3 + 8*m**2 - 6*m + 186. What is s(7)?
193
Let y(n) = n**2 - 1756*n + 205540. Determine y(126).
160
Let w(l) = -73*l - 10035. Calculate w(-144).
477
Let n(w) = 2*w**3 + 128*w**2 + 645*w + 1126. Give n(-59).
-2119
Let n(o) = o**2 + 853*o - 5175. Determine n(6).
-21
Let j(i) = -2*i**3 - 17*i**2 - 9*i + 48. Give j(-6).
-78
Let z(o) = -o**3 - 159*o**2 + 320*o - 1029. Calculate z(-161).
-707
Let m(u) = 264*u + 672. Give m(-7).
-1176
Let a(l) = l**3 - 179*l**2 + 693*l - 115. What is a(175)?
-1340
Let f(y) = -y**3 + 9*y**2 + 375*y - 2593. Calculate f(7).
130
Let r(t) = -239*t**2 - 42305*t - 361. Determine r(-177).
-7
Let q(h) = -9*h**2 - 1797*h + 157815. Calculate q(66).
9
Let x(l) = -l**2 - 114*l + 46002. Calculate x(-279).
-33
Let m(f) = 7*f**3 + 382*f**2 + 216*f - 39. Calculate m(-54).
-39
Let v(a) = -2534*a + 731914. Determine v(289).
-412
Let q(z) = -z**2 + 5399*z - 219771. Calculate q(41).
-93
Let s(l) = -37293*l + 447509. Determine s(12).
-7
Let t(m) = 123022*m + 2091397. Determine t(-17).
23
Let v(x) = 38*x**2 + 214*x + 1034. Give v(-5).
914
Let z(h) = 2008*h - 16067. Give z(8).
-3
Let u(p) = 8547*p + 128194. Give u(-15).
-11
Let n(b) = -43*b**2 + 516*b - 3. What is n(0)?
-3
Let v(b) = -26191*b + 942880. Give v(36).
4
Let b(v) = 1441*v + 9445. Determine b(-7).
-642
Let v(i) = -13103*i + 104077. Determine v(8).
-747
Let w(i) = 460*i + 2767. Give w(-8).
-913
Let m(a) = -a**3 - 292*a**2 + 2705*a - 1231. Determine m(-301).
-27
Let o(g) = 9*g**3 + 4*g**2 - 447*g + 2286. Give o(5).
1276
Let l(j) = j**3 - j**2 - 225*j - 465. Give l(19).
1758
Let n(l) = -488*l + 18654. What is n(38)?
110
Let r(a) = a**3 - 93*a**2 + 3881*a - 153518. Calculate r(69).
7
Let j(s) = -5*s**2 - 9668*s + 146171. Calculate j(15).
26
Let k(r) = 7*r**3 - 3*r**2 - 1738*r - 1737. Calculate k(-1).
-9
Let s(i) = -5*i**3 - 1747*i**2 + 1134*i + 639370. Give s(-349).
2
Let p(q) = -536254*q + 3753779. Calculate p(7).
1
Let l(j) = -78256*j - 4617081. Calculate l(-59).
23
Let p(a) = 7*a**2 - 117*a + 102. Calculate p(11).
-338
Let s(t) = -2*t**2 + 39571*t - 39572. What is s(1)?
-3
Let x(n) = -2*n**2 - 377035*n - 2262139. Determine x(-6).
-1
Let t(f) = -f**2 + 135*f - 3382. What is t(35)?
118
Let y(o) = 2*o**2 - 26904*o - 161490. Calculate y(-6).
6
Let w(s) = s**3 - 90*s**2 + 1581*s + 204. Determine w(66).
6
Let k(d) = 1078*d + 106679. What is k(-99)?
-43
Let j(p) = -p**2 - 259*p - 3461. Determine j(-245).
-31
Let k(z) = -16*z**2 + 231*z + 325. What is k(16)?
-75
Let s(x) = -x**2 - 3498*x + 323162. Give s(90).
242
Let i(g) = 36789*g - 1